*k - 561 + 1933. What is the units digit of k?
8
Let g = 109 - 116. Let y(n) = -254*n - 29. What is the units digit of y(g)?
9
Suppose 12814 = 10*x - 148666. Suppose 22*n = -22*n + x. What is the units digit of n?
7
Let a = 192 + -203. Let w(q) = -106*q + 104. What is the tens digit of w(a)?
7
Suppose 4*r - i - 24 = 0, 0*r - 2*r + 3*i = -22. Suppose -21 = -r*u + 24. What is the hundreds digit of 114 + ((-3)/u*3 - -4)?
1
Suppose 5*b = 7*b - 136. Let j = b - -29. Suppose -w + j - 20 = 0. What is the units digit of w?
7
Suppose 25*w + 41407 = 174890 + 51117. What is the tens digit of w?
8
Let v be (6/(-9))/(4/18). Let o be (3 - 29/(-5))/(v/15). What is the units digit of ((-357)/34)/(2/o)?
1
Let l = 28 - 98. What is the tens digit of 500/(-2)*-3*l/(-60)?
7
Suppose -3*f + 40466 = -127*n + 125*n, -4*f + 3*n + 53952 = 0. What is the thousands digit of f?
3
What is the thousands digit of (-802660)/(-44) + 42/(-154)?
8
Suppose -p - 2*r = 2, -5*p + 4*r + 15 + 17 = 0. Suppose -4*j - 1708 = -5*z, p*j + 682 = 2*z + 3*j. What is the hundreds digit of z?
3
Let h be ((-8)/(-20))/(2/45). What is the tens digit of 259 + (3/h)/(10/90)?
6
Suppose 2*o - o - 42 = 0. Let q = -38 + o. Suppose -5*z = -z - 4, -5*n + 301 = -q*z. What is the units digit of n?
1
Let n(k) = -99*k - 60. Let f(q) = -q. Let w(s) = -2*f(s) + n(s). What is the tens digit of w(-7)?
1
Suppose 0 = -2*o - 0*o + 3*v + 19, 0 = -4*v - 4. Let u(d) = 8*d**2 - 26*d + 4. What is the units digit of u(o)?
8
Let f = 54 + -50. Let z(t) = -3*t**3 + 24*t**2 - 4*t + 3. What is the hundreds digit of z(f)?
1
Suppose -6842 = -2*w - 3*g, 10265 = 3*w - 66*g + 71*g. What is the hundreds digit of w?
4
Let a = 9896 + -4664. What is the tens digit of a?
3
Let t(m) = m**2 + 6*m - 8. Let o be (-6)/(-9) + (-125)/(-15). Let j be 2/1 + (-1 - o). What is the units digit of t(j)?
8
Let u(w) = -5*w - 4. Let b be u(-16). Let t = 68 + -64. Suppose m - t*i = 117, 2*m - 213 - b = -3*i. What is the units digit of m?
7
Let l = 3383 + 2333. What is the tens digit of l?
1
Suppose -35*m - 9*m + 305580 = 22*m. What is the tens digit of m?
3
Suppose 24*n = 612 + 1524. What is the units digit of n?
9
Let p(x) = 350*x + 14. Suppose 14*w = 9*w + 15, 2*q = w + 3. What is the hundreds digit of p(q)?
0
Let k be 0 + -3 + (-13 + 4)*28. Let i = k - 84. Let x = i - -477. What is the hundreds digit of x?
1
Suppose 0 = 2*b + 5*y - 125482, -b - 23*y + 62756 = -28*y. What is the ten thousands digit of b?
6
Let l = -49 + 45. Let d be (4/50*10)/(l/(-1550)). Suppose 5*n - 3*x = 300, -2*x - 3*x - d = -5*n. What is the units digit of n?
7
Let o(u) = -6*u**3 + 9*u**2 - 3*u - 8. Let n be o(-4). Suppose 534*j = n*j + 3646. What is the hundreds digit of j?
8
Suppose 3 = -3*v - 3*t, -4*v + 11 = 3*t - 4*t. Suppose -r + 5 = 5*y, 27 = v*y + 35. What is the units digit of r?
5
Suppose 752 = -4*w + 8*w. Suppose -r + 42 = -3*v, 7*r + 4*v = 12*r - w. What is the units digit of r?
6
Suppose -4*o - a + 46949 = 0, 0 = 2*o + 300*a - 301*a - 23473. What is the hundreds digit of o?
7
Let f = 748 + 10098. What is the ten thousands digit of f?
1
Suppose 0 = 215*k - 85*k - 2354690. What is the tens digit of k?
1
Let x(i) = 13*i + 0*i + 222 - 244. Let n be (1 + -4)*(13 - 16). What is the units digit of x(n)?
5
Let b(g) = 2906*g - 934. What is the units digit of b(4)?
0
Suppose -15*n - 484 - 206 = 0. Let f = n + 45. What is the hundreds digit of (f - -3 - 2) + 145?
1
Suppose -28 + 109 = 3*z. Let o = 69 - z. What is the tens digit of 10*o/(-4)*5/(-15)?
3
Let p(v) = 9252*v**2 - 887*v - 1779. What is the units digit of p(-2)?
3
Let p(a) = -a**3 - 6*a**2 + 8*a + 2. Let y be p(-8). Let i = y + -51. Suppose -173 = -2*t - i. What is the units digit of t?
9
Let g = -17 - -22. Let a be 0 + (-6)/3 + g. Suppose -60 = -3*x - a. What is the units digit of x?
9
Let d(h) = 22*h**3 - 61*h - 18. What is the hundreds digit of d(11)?
5
Suppose -2600 = -17*d + 596. Let o = -32 + d. What is the hundreds digit of o?
1
Suppose -54*v = 3*o - 53*v - 19049, 0 = -o + 2*v + 6359. What is the units digit of o?
1
Suppose 0 = -f + 4*i - 3, 2*i - 3*i = -f. What is the tens digit of ((-3)/f)/(-10 - (-4221)/423)?
4
Let x(p) = p**2 - 5*p + 3. Let j be x(4). What is the units digit of 2/((6/(-1068))/j)?
6
Let a be 7*6/(-12) - (-2)/4. Let v be a/((-3)/299) - -4. Suppose -4*n + v = 43. What is the units digit of n?
5
Let s be (-22)/(-44) - 145/(-2). Suppose s + 263 = m. What is the units digit of m?
6
Let v = 144 + -141. Suppose 3*d - 3*x + 647 = 5*d, -v*d + x = -998. What is the tens digit of d?
3
Let a be 1/(5/100*4). Let u(g) = -a - g - 10 - 4 - 22*g. What is the tens digit of u(-3)?
5
Suppose 2*n + 2*o - 4754 = -0*o, 2*n = -o + 4758. Suppose -3*a - 12 = 0, 5*r - 3*a = -339 + n. What is the hundreds digit of r?
4
Let m(f) = -f**2 - 15*f + 127. Let h be m(6). Suppose 2*d + 4 = 3*d, 2*y + 3*d = 6. What is the units digit of (-8)/(y - h) + 157?
9
Let r(p) = -29*p - 41. Let n be r(-4). Let i(h) = -h**3 - 12*h**2 + 4*h + 16. Let a be i(-12). Let k = n + a. What is the tens digit of k?
4
Suppose t - 12529 = -4*f, 4*f - 50939 = -5*t + 11770. What is the ten thousands digit of t?
1
Suppose 0 = -5*r + 7*r - 8, 0 = 2*v + r - 1158. Let p = v + -268. What is the hundreds digit of p?
3
Suppose -31770 - 21393 = -9*v. What is the units digit of v?
7
Suppose 20022 = 23*x - 2219. Let r = x + 941. What is the units digit of r?
8
Suppose -262064 = 6*v - 23*v - 100394. What is the units digit of v?
0
Suppose 0 = -0*z - 2*z - 2*b - 32, -2*z - 3*b - 34 = 0. What is the tens digit of (-4)/z + (-5218)/(-14)?
7
Suppose -8*a + 17 = -10*a + 5*t, -5*t + 33 = 2*a. What is the units digit of a + 276*18/27?
8
Let m(j) = 12*j**2 - 156*j + 22. What is the ten thousands digit of m(39)?
1
Suppose -5*x + 1913 = 2*s, -5*s + 3*x + 3388 = -1472. Let t = 492 + s. What is the tens digit of t?
6
Let r be (-36 - -22)*(-12)/14. Suppose -z = -22 + r. Let v = 14 - z. What is the units digit of v?
4
Suppose -4*u = 5 + 131. Let v = u + 89. Suppose 4*c - 423 + v = 0. What is the units digit of c?
2
Suppose -3*g = -n - 4*g - 6, -n - 2*g = 5. Let h be 4/30 + (511/(-15))/n. Suppose -h*c + 3*c = -194. What is the units digit of c?
7
Let d = -81338 + 133280. What is the ten thousands digit of d?
5
Suppose 2*f - 3*s - 28077 - 5639 = 0, -s + 16843 = f. What is the tens digit of f?
4
Let y = -6512 + 9673. What is the tens digit of y?
6
Let l(t) = -t**3 + 6*t**2 - 6*t - 25. Let w be l(5). What is the tens digit of (4 - 375/(-10))/((-3)/w)?
1
What is the thousands digit of (-32102829)/(-387) - -6*(-2)/258?
2
Let u(s) = 11*s**3 + 7*s**2 - 29*s + 239. What is the units digit of u(6)?
3
Let t(n) = 6 - 2 + 4*n + n**3 + 3*n + 614*n**2 - 622*n**2. Suppose 2 = d - 5. What is the units digit of t(d)?
4
Suppose 51248 = n - 4*z, -2*z = -4*n + 117291 + 87645. What is the thousands digit of n?
1
Suppose -17*o = -138447 + 22711. What is the thousands digit of o?
6
Suppose -6*l - 2*d = -856, 2*d - 331 = -4*l + 241. Suppose -133*j = -l*j + 4212. What is the units digit of j?
8
Suppose 3*r = o - 10926, 14*o - 12*o + r = 21845. What is the hundreds digit of o?
9
Let q(n) = 189*n**3 + n**2 - n + 2. Let v be 8/12 - (-2 + 10/6). What is the units digit of q(v)?
1
What is the ten thousands digit of (-3108)/(-24)*(-2160)/(-14)?
1
Suppose -2*j + 1 + 15 = 0. Suppose 0 = -j*w - w + 7*w. Let t(m) = -2*m**2 - 2*m + 57. What is the units digit of t(w)?
7
Suppose 9834 = 4*b - 2*q, -3*b - 2*q + 7369 = 3*q. What is the hundreds digit of b?
4
Suppose 0 = -5*x + 15, 4*t + 3917 = x + 36870. What is the tens digit of t?
3
What is the thousands digit of 5*(-88)/(-275)*9145/2?
7
Suppose -29*i + 8576 + 109509 = -3396. What is the tens digit of i?
8
Suppose m = -19*g + 14*g + 2454, g + 12374 = 5*m. What is the tens digit of m?
7
Let l = -455 + 2371. What is the units digit of l?
6
Let s = 32 - 30. Let o be 3/4 + 18/(-24). What is the tens digit of (-255)/(-3)*(o + 2)/s?
8
What is the thousands digit of 7037 - 0/(1 - 0/4)?
7
Suppose 4 = 5*m - m, -4*n - 3*m = -19. Suppose 0 = -5*y + 19 - n, 3*y + 38 = i. Suppose -3*l = -9, 4*l - 25 = -3*v + i. What is the units digit of v?
0
Suppose 3*y = 24*y - 84. Let h(f) = 194*f - 149. What is the units digit of h(y)?
7
Suppose 3*l + 2*g = 5970, -g - 3 = -0*g. Suppose -